130 - (-36)/234. Let a(t) = t**2 - 2*t - 5. Let j be a(4). Calculate the highest common divisor of j and o.
3
Suppose 4*g - 20 = 3*d - 7*d, 1 = -d. Let b(k) = k**3 - k**2 + k - 6. Let t be b(g). What is the greatest common factor of 45 and t?
45
Let l be (40/(-15) + 3)*0. Suppose -z + 221 = -l*g + 2*g, -2*g + 201 = -3*z. What is the greatest common factor of g and 12?
12
Suppose 0 = 3*w + 10 + 2, 4*w - 79 = -5*h. Suppose 0 = -2*a + h + 233. Let m(j) = -18*j + 162. Let o be m(8). What is the highest common factor of a and o?
18
Suppose v + 4*d = -v + 40, -4*d = 20. Let o be (12/9)/(12/90). Calculate the greatest common factor of o and v.
10
Suppose 0 = 106*z - 111*z + 65. What is the highest common factor of z and 247?
13
Let z be 163/((-6)/4 + 1/2). Let n = -141 - z. What is the highest common factor of n and 66?
22
Let r = -73 + 178. What is the highest common factor of r and 21?
21
Suppose -i + 2 = -12. Let l = -469 + 497. What is the highest common factor of i and l?
14
Suppose 0 = 279*y - 291*y + 5880. Calculate the greatest common divisor of 210 and y.
70
Let z(l) = 11*l + 10. Let f be z(1). Suppose -y + 6 = 2*m - 7*m, -4*y + m + 81 = 0. What is the highest common factor of f and y?
21
Let m(k) = 2*k + 25. Suppose -j - 2*i - 16 = j, -12 = -3*i. Let l be m(j). Calculate the greatest common factor of 11 and l.
1
Let a = -4 - -15. Let o = a + -12. Let r be 93 - o/(1/3). Calculate the greatest common divisor of r and 12.
12
Suppose 4*j = 8*j + 16, 29 = 3*d + j. What is the greatest common divisor of 77 and d?
11
Let q = 1087 + -697. Calculate the highest common divisor of q and 156.
78
Suppose 0 = o - 5*i + 21, 6*i - i = -5*o - 45. Let z be (o + 2)/(-5 - -4). Calculate the highest common divisor of 54 and z.
9
Let l(g) = g**2 - 41*g - 269. Let t be l(-6). Calculate the greatest common divisor of 611 and t.
13
Let c = -173 - -175. Let b(x) = x**3 - 4*x**2 - 7*x + 7. Let w be b(5). Let r be (-72)/(w + 2) - c. What is the highest common divisor of r and 10?
10
Let u be ((-102)/(-4))/((-18)/(-4) - 4). Let c = u + 24. Calculate the highest common factor of 15 and c.
15
Suppose 194 + 953 = 31*g. Calculate the highest common divisor of 37 and g.
37
Let b(q) = -3*q + 0*q - 2 - 2 + 2*q. Let k be b(-7). What is the highest common divisor of 1 and k?
1
Suppose 0 = -8*f + 3*f + 15. Suppose 3*n - 3*v = 87, 5*n + 4*v - 8*v = 149. What is the highest common divisor of n and f?
3
Let v(r) = r**3 + 6*r**2 - 2*r - 5. Let u be v(-5). Let z = u - 22. Suppose 0 = -4*w + 5*w - 16. Calculate the highest common factor of z and w.
8
Let h be ((-7)/(63/198))/((-1)/3). Calculate the highest common factor of h and 1012.
22
Let x(v) = v + 16. Let t be x(-6). Suppose -t*f + 7*f + 9 = 0. Let z be 97/2 + f/6. Calculate the highest common factor of z and 7.
7
Suppose 275*c = 272*c + 4104. Calculate the highest common factor of 304 and c.
152
Suppose 10 = -5*n - 25. Let s be n - 3/(-6)*2. Let a be 3/s - (-28)/8. What is the greatest common factor of a and 2?
1
Let g(h) = -137*h**3 - 4*h**2 - 3*h + 6. Let t be g(-2). What is the greatest common factor of t and 84?
84
Let d(b) = 6*b**2 - 8*b + 2. Let c be 9 - (-3)/2*8/(-3). Let t be d(c). Calculate the greatest common divisor of t and 14.
14
Let p be 2*(0 - -1)*6. Let z be (4/4)/(2/(-190)). Let k = z + 179. Calculate the greatest common factor of p and k.
12
Suppose f + 5*x - 326 = -2*f, 5*f - 522 = -3*x. Suppose 2*g - 8*p - f = -4*p, -p = -3*g + 173. Calculate the highest common divisor of g and 118.
59
Let t = -14 - -19. Let q be (1 - (-3)/t)/(12/90). What is the greatest common factor of 3 and q?
3
Suppose 2*w - 4*w = -3*y, -4*y = 3*w - 34. Let v be (-64)/w*(-7 - 2). Calculate the highest common divisor of v and 6.
6
Suppose 3*o + 2*r = -0*o + 68, 4*o = r + 98. What is the greatest common divisor of 24 and o?
24
Suppose 5*p = -3*x + 2*x + 95, -470 = -4*x - 2*p. Suppose -56 = -2*y - 4*h, 26 = -4*y - 4*h + 142. What is the highest common factor of x and y?
30
Let t(y) = y**3 - 28*y**2 - 44*y - 55. Let s be t(30). What is the highest common divisor of s and 25?
25
Let a be 5/((-90)/(-4)) - 36449/(-369). Suppose 5 = s, n - 16 = -s - 0. What is the highest common factor of n and a?
11
Suppose -90*i = -64*i - 4290. Let z be -45*(-1 + 6/9). What is the highest common factor of z and i?
15
Suppose 0 = s - 4*t - 355, 325 + 740 = 3*s + 4*t. Calculate the greatest common factor of 10 and s.
5
Let z(j) = 29*j**2 - 3*j + 1. Let k be z(1). What is the highest common divisor of k and 18?
9
Let l(z) = 12*z**2 + 4*z + 2. Let x be l(-1). Let d be 2/6*(-7 - -13). Calculate the highest common factor of x and d.
2
Let w(v) = v**2 - 3*v + 5. Let u be w(5). Suppose -3085*x - 660 = -3089*x. Calculate the highest common factor of u and x.
15
Let p be (7 + -5)/(-1*(-3)/9). Suppose -u - 27 = 5*f - p, f = 4*u - 21. What is the highest common factor of 10 and u?
2
Let v(n) = n - 2. Let c be v(8). Suppose 2*k = 5*k - 102. Suppose 5*w + 4*t - 128 = 0, 5*t = -w - 0*w + k. What is the highest common divisor of w and c?
6
Suppose -4*o = 4*s + 12, -s + 1 = 5. Let l be (4 - 1)*o - -51. Suppose c + 2*c = l. What is the greatest common factor of 162 and c?
18
Let l = -7 + -8. Let a be (9/l)/(9/(-66))*5. Calculate the greatest common divisor of 110 and a.
22
Let t = 127 + -67. Let r(l) = -2*l**3 - 2*l**2 - l + 2. Let i be r(-2). Calculate the greatest common divisor of i and t.
12
Let o be (3 - 4)*(0 - 32). Let x = -486 + 6. Let n be 1/((-6)/x) + (0 - 0). Calculate the greatest common divisor of o and n.
16
Let z be (-49)/(-2) - (-1)/2. Let u = -14 - -16. Let b(v) = v**2 + 12*v - 23. Let k be b(u). What is the greatest common factor of k and z?
5
Let d be 1/5 - (-2094)/(-30)*-1. Let k be (-3)/4 + (-1)/4. Let v be 0/k + (-28)/(-1). Calculate the greatest common divisor of v and d.
14
Suppose -p - 2 = -2*v, 2*p + 12 = -p. Let m(h) = -92*h + 3. Let x be m(v). What is the highest common divisor of x and 19?
19
Let n be (-2 + 4)/((-4)/(-10)). Let c be (-1)/(-2) + 310/4. Suppose -5*a = -5*q + c + 42, 5*q = -n*a + 90. What is the highest common factor of q and 105?
21
Let v be (3 + 21/(-6))/(2/(-48)). Suppose 14 = 2*x + 5*f, 0 = -3*f - 0 - 6. Calculate the greatest common divisor of v and x.
12
Let d(g) = -g**2 - 15*g - 16. Let m be d(-13). Suppose 150 = 3*z + 2*z. Suppose z + 30 = 2*f. What is the highest common divisor of f and m?
10
Let g be 9/(-12)*-4*13 - -4. What is the highest common factor of 688 and g?
43
Let u = -34 + 46. Calculate the highest common divisor of u and 6.
6
Let j be 15/(-25) + 2006/10. Suppose -2*o - 25 + 65 = 0. What is the greatest common factor of o and j?
20
Let n(z) = z**3 + 5*z**2 + 4 + 4*z - 4 + 3 + 0*z. Let l be n(-4). Suppose 132 = -0*h + l*h. Calculate the highest common factor of 11 and h.
11
Let n = 474 - 267. Suppose -116*k + 3294 = 626. What is the highest common factor of n and k?
23
Suppose 0 = 5*s + 3*u - 262, 195*u - 190*u + 5 = 0. Calculate the greatest common divisor of s and 1007.
53
Suppose 2*l + 14 = w - 11, -3*w = -3. Let c = l + 39. Calculate the highest common factor of c and 3.
3
Suppose -5*b = 3*h - 60, -6*b + b = 2*h - 60. Let n(f) = f**3 - 12*f**2 + 3*f + 4. Let k be n(b). Calculate the highest common factor of 10 and k.
10
Let m be -1 + 7/(7/10). Let t be (-954)/(-3) - m/3. Suppose -j + t = 2*j. Calculate the greatest common factor of j and 42.
21
Let t be (2*1)/((-3)/21). Suppose 4*y - 6 - 10 = 0. Let o = y - t. What is the greatest common factor of o and 180?
18
Suppose 2*c + 12*u = 8*u, 5*u + 35 = c. Calculate the highest common factor of 970 and c.
10
Let p = 23 - 8. Let n be 1 - 0 - (-35)/7. What is the highest common divisor of p and n?
3
Let g(c) = -15*c - 15. Let a be g(-3). Suppose -5*u = -2*u - 150. Suppose 0 = -s - 4*s + u. What is the highest common divisor of s and a?
10
Let z(t) = 15 + 2*t - 3*t + 2*t - 14. Let r be z(3). Calculate the highest common divisor of r and 20.
4
Suppose -5*b - 545 = -1570. Suppose b = 3*j - 5*h, 4*j - 4*h - 360 + 76 = 0. Let q(l) = l + 14. Let f be q(11). What is the greatest common divisor of j and f?
25
Let b be (-1836)/(-21) + 8/14. Suppose 107 = 11*t + 19. Calculate the highest common divisor of t and b.
8
Let u(t) = 16*t + 8. Let m be -1 - 14*(-2)/4. Let n be u(m)